{"id":1392,"date":"2025-12-19T12:44:57","date_gmt":"2025-12-19T12:44:57","guid":{"rendered":"https:\/\/initialdetailing33.fr\/?page_id=1392"},"modified":"2026-01-26T19:01:47","modified_gmt":"2026-01-26T19:01:47","slug":"gift-card","status":"publish","type":"page","link":"https:\/\/initialdetailing33.fr\/index.php\/gift-card\/","title":{"rendered":"GIFT CARD"},"content":{"rendered":"\t\t<div data-elementor-type=\"wp-page\" data-elementor-id=\"1392\" class=\"elementor elementor-1392\">\n\t\t\t\t<div data-ka-cursor-size=\"1\" class=\"elementor-element elementor-element-0c24dbf e-flex e-con-boxed e-con e-parent\" data-id=\"0c24dbf\" data-element_type=\"container\" data-settings=\"{&quot;background_background&quot;:&quot;classic&quot;,&quot;kng_cursor_interaction&quot;:&quot;default&quot;,&quot;kng_cursor_magnetic&quot;:&quot;none&quot;,&quot;kng_cursor_size_multiplier&quot;:{&quot;unit&quot;:&quot;px&quot;,&quot;size&quot;:1,&quot;sizes&quot;:[]}}\">\n\t\t\t\t\t<div class=\"e-con-inner\">\n\t\t\t\t<div data-ka-cursor-size=\"1\" class=\"elementor-element elementor-element-0f0340a elementor-widget elementor-widget-heading\" data-id=\"0f0340a\" data-element_type=\"widget\" data-settings=\"{&quot;kng_cursor_interaction&quot;:&quot;default&quot;,&quot;kng_cursor_magnetic&quot;:&quot;none&quot;,&quot;kng_cursor_size_multiplier&quot;:{&quot;unit&quot;:&quot;px&quot;,&quot;size&quot;:1,&quot;sizes&quot;:[]}}\" data-widget_type=\"heading.default\">\n\t\t\t\t\t<h2 class=\"elementor-heading-title elementor-size-default\">GIFT CARD<\/h2>\t\t\t\t<\/div>\n\t\t\t\t\t<\/div>\n\t\t\t\t<\/div>\n\t\t<div data-ka-cursor-size=\"1\" class=\"elementor-element elementor-element-3bcd35a e-flex e-con-boxed e-con e-parent\" data-id=\"3bcd35a\" data-element_type=\"container\" data-settings=\"{&quot;kng_cursor_interaction&quot;:&quot;default&quot;,&quot;kng_cursor_magnetic&quot;:&quot;none&quot;,&quot;kng_cursor_size_multiplier&quot;:{&quot;unit&quot;:&quot;px&quot;,&quot;size&quot;:1,&quot;sizes&quot;:[]}}\">\n\t\t\t\t\t<div class=\"e-con-inner\">\n\t\t\t\t<div data-ka-cursor-size=\"1\" class=\"elementor-element elementor-element-1cab318 elementor-widget elementor-widget-spacer\" data-id=\"1cab318\" data-element_type=\"widget\" data-settings=\"{&quot;kng_cursor_interaction&quot;:&quot;default&quot;,&quot;kng_cursor_magnetic&quot;:&quot;none&quot;,&quot;kng_cursor_size_multiplier&quot;:{&quot;unit&quot;:&quot;px&quot;,&quot;size&quot;:1,&quot;sizes&quot;:[]}}\" data-widget_type=\"spacer.default\">\n\t\t\t\t\t\t\t<div class=\"elementor-spacer\">\n\t\t\t<div class=\"elementor-spacer-inner\"><\/div>\n\t\t<\/div>\n\t\t\t\t\t\t<\/div>\n\t\t\t\t<div data-ka-cursor-size=\"1\" class=\"elementor-element elementor-element-b960d45 elementor-widget elementor-widget-heading\" data-id=\"b960d45\" data-element_type=\"widget\" data-settings=\"{&quot;kng_cursor_interaction&quot;:&quot;default&quot;,&quot;kng_cursor_magnetic&quot;:&quot;none&quot;,&quot;kng_cursor_size_multiplier&quot;:{&quot;unit&quot;:&quot;px&quot;,&quot;size&quot;:1,&quot;sizes&quot;:[]}}\" data-widget_type=\"heading.default\">\n\t\t\t\t\t<h2 class=\"elementor-heading-title elementor-size-default\">OFFREZ UNE CARTE CADEAU \u00c0 VOS PROCHES<\/h2>\t\t\t\t<\/div>\n\t\t\t\t<div data-ka-cursor-size=\"1\" class=\"elementor-element elementor-element-263fbdb elementor-widget elementor-widget-text-editor\" data-id=\"263fbdb\" data-element_type=\"widget\" data-settings=\"{&quot;kng_cursor_interaction&quot;:&quot;default&quot;,&quot;kng_cursor_magnetic&quot;:&quot;none&quot;,&quot;kng_cursor_size_multiplier&quot;:{&quot;unit&quot;:&quot;px&quot;,&quot;size&quot;:1,&quot;sizes&quot;:[]}}\" data-widget_type=\"text-editor.default\">\n\t\t\t\t\t\t\t\t\t<p>Vous souhaitez faire plaisir \u00e0 un passionn\u00e9 d&rsquo;automobile ou offrir un cadeau original ? Tout d\u2019abord, d\u00e9couvrez notre concept de carte cadeau exclusive. Contrairement aux bons d&rsquo;achat classiques, nous vous proposons une exp\u00e9rience haut de gamme. En effet, vous offrez bien plus qu&rsquo;un simple nettoyage : vous offrez une v\u00e9ritable r\u00e9novation esth\u00e9tique.<\/p>\t\t\t\t\t\t\t\t<\/div>\n\t\t\t\t\t<\/div>\n\t\t\t\t<\/div>\n\t\t<div data-ka-cursor-size=\"1\" class=\"elementor-element elementor-element-5e565f3 e-flex e-con-boxed e-con e-parent\" data-id=\"5e565f3\" data-element_type=\"container\" data-settings=\"{&quot;kng_cursor_interaction&quot;:&quot;default&quot;,&quot;kng_cursor_magnetic&quot;:&quot;none&quot;,&quot;kng_cursor_size_multiplier&quot;:{&quot;unit&quot;:&quot;px&quot;,&quot;size&quot;:1,&quot;sizes&quot;:[]}}\">\n\t\t\t\t\t<div class=\"e-con-inner\">\n\t\t\t\t<div data-ka-cursor-size=\"1\" class=\"elementor-element elementor-element-35baf9f elementor-widget elementor-widget-heading\" data-id=\"35baf9f\" data-element_type=\"widget\" data-settings=\"{&quot;kng_cursor_interaction&quot;:&quot;default&quot;,&quot;kng_cursor_magnetic&quot;:&quot;none&quot;,&quot;kng_cursor_size_multiplier&quot;:{&quot;unit&quot;:&quot;px&quot;,&quot;size&quot;:1,&quot;sizes&quot;:[]}}\" data-widget_type=\"heading.default\">\n\t\t\t\t\t<h2 class=\"elementor-heading-title elementor-size-default\">Un cadeau 100% personnalisable<\/h2>\t\t\t\t<\/div>\n\t\t\t\t<div data-ka-cursor-size=\"1\" class=\"elementor-element elementor-element-37cfd1e elementor-widget elementor-widget-text-editor\" data-id=\"37cfd1e\" data-element_type=\"widget\" data-settings=\"{&quot;kng_cursor_interaction&quot;:&quot;default&quot;,&quot;kng_cursor_magnetic&quot;:&quot;none&quot;,&quot;kng_cursor_size_multiplier&quot;:{&quot;unit&quot;:&quot;px&quot;,&quot;size&quot;:1,&quot;sizes&quot;:[]}}\" data-widget_type=\"text-editor.default\">\n\t\t\t\t\t\t\t\t\t<p>C\u2019est pourquoi nous avons cr\u00e9\u00e9 une carte \u00e9l\u00e9gante et totalement <strong>personnalisable<\/strong>. Nous pouvons int\u00e9grer le mod\u00e8le sp\u00e9cifique de la voiture du b\u00e9n\u00e9ficiaire directement sur la carte, ou encore proposer un design de carte \u00e0 vous souhaits ! Votre cadeau devient un objet unique.<\/p>\t\t\t\t\t\t\t\t<\/div>\n\t\t\t\t\t<\/div>\n\t\t\t\t<\/div>\n\t\t<div data-ka-cursor-size=\"1\" class=\"elementor-element elementor-element-82fdc54 e-flex e-con-boxed e-con e-parent\" data-id=\"82fdc54\" data-element_type=\"container\" data-settings=\"{&quot;kng_cursor_interaction&quot;:&quot;default&quot;,&quot;kng_cursor_magnetic&quot;:&quot;none&quot;,&quot;kng_cursor_size_multiplier&quot;:{&quot;unit&quot;:&quot;px&quot;,&quot;size&quot;:1,&quot;sizes&quot;:[]}}\">\n\t\t\t\t\t<div class=\"e-con-inner\">\n\t\t\t\t<div data-ka-cursor-size=\"1\" class=\"elementor-element elementor-element-d4f76aa elementor-widget elementor-widget-image\" data-id=\"d4f76aa\" data-element_type=\"widget\" data-settings=\"{&quot;kng_cursor_interaction&quot;:&quot;default&quot;,&quot;kng_cursor_magnetic&quot;:&quot;none&quot;,&quot;kng_cursor_size_multiplier&quot;:{&quot;unit&quot;:&quot;px&quot;,&quot;size&quot;:1,&quot;sizes&quot;:[]}}\" data-widget_type=\"image.default\">\n\t\t\t\t\t\t\t\t\t\t\t\t\t\t\t<img fetchpriority=\"high\" decoding=\"async\" width=\"900\" height=\"393\" src=\"https:\/\/initialdetailing33.fr\/wp-content\/uploads\/2025\/12\/GIFTCARD-INITIALD-1024x447.png\" class=\"attachment-large size-large wp-image-1410\" alt=\"Carte cadeau nettoyage automobile\" srcset=\"https:\/\/initialdetailing33.fr\/wp-content\/uploads\/2025\/12\/GIFTCARD-INITIALD-1024x447.png 1024w, https:\/\/initialdetailing33.fr\/wp-content\/uploads\/2025\/12\/GIFTCARD-INITIALD-300x131.png 300w, https:\/\/initialdetailing33.fr\/wp-content\/uploads\/2025\/12\/GIFTCARD-INITIALD-768x335.png 768w, https:\/\/initialdetailing33.fr\/wp-content\/uploads\/2025\/12\/GIFTCARD-INITIALD-1536x670.png 1536w, https:\/\/initialdetailing33.fr\/wp-content\/uploads\/2025\/12\/GIFTCARD-INITIALD-2048x894.png 2048w\" sizes=\"(max-width: 900px) 100vw, 900px\" \/>\t\t\t\t\t\t\t\t\t\t\t\t\t\t\t<\/div>\n\t\t\t\t\t<\/div>\n\t\t\t\t<\/div>\n\t\t<div data-ka-cursor-size=\"1\" class=\"elementor-element elementor-element-1587d9b e-flex e-con-boxed e-con e-parent\" data-id=\"1587d9b\" data-element_type=\"container\" data-settings=\"{&quot;kng_cursor_interaction&quot;:&quot;default&quot;,&quot;kng_cursor_magnetic&quot;:&quot;none&quot;,&quot;kng_cursor_size_multiplier&quot;:{&quot;unit&quot;:&quot;px&quot;,&quot;size&quot;:1,&quot;sizes&quot;:[]}}\">\n\t\t\t\t\t<div class=\"e-con-inner\">\n\t\t\t\t<div data-ka-cursor-size=\"1\" class=\"elementor-element elementor-element-2f8df2a elementor-align-center elementor-widget elementor-widget-button\" data-id=\"2f8df2a\" data-element_type=\"widget\" data-settings=\"{&quot;kng_cursor_interaction&quot;:&quot;default&quot;,&quot;kng_cursor_magnetic&quot;:&quot;none&quot;,&quot;kng_cursor_size_multiplier&quot;:{&quot;unit&quot;:&quot;px&quot;,&quot;size&quot;:1,&quot;sizes&quot;:[]}}\" data-widget_type=\"button.default\">\n\t\t\t\t\t\t\t\t\t\t<a class=\"elementor-button elementor-button-link elementor-size-sm\" href=\"https:\/\/initialdetailing33.fr\/index.php\/contact\/\">\n\t\t\t\t\t\t<span class=\"elementor-button-content-wrapper\">\n\t\t\t\t\t\t\t\t\t<span class=\"elementor-button-text\">COMMANDER<\/span>\n\t\t\t\t\t<\/span>\n\t\t\t\t\t<\/a>\n\t\t\t\t\t\t\t\t<\/div>\n\t\t\t\t\t<\/div>\n\t\t\t\t<\/div>\n\t\t\t\t<\/div>\n\t\t","protected":false},"excerpt":{"rendered":"<p>GIFT CARD OFFREZ UNE CARTE CADEAU \u00c0 VOS PROCHES Vous souhaitez faire plaisir \u00e0 un passionn\u00e9 d&rsquo;automobile ou offrir un cadeau original ? Tout d\u2019abord, d\u00e9couvrez notre concept de carte cadeau exclusive. Contrairement aux bons d&rsquo;achat classiques, nous vous proposons une exp\u00e9rience haut de gamme. En effet, vous offrez bien plus qu&rsquo;un simple nettoyage : [&hellip;]<\/p>\n","protected":false},"author":3,"featured_media":0,"parent":0,"menu_order":0,"comment_status":"closed","ping_status":"closed","template":"","meta":{"site-sidebar-layout":"no-sidebar","site-content-layout":"","ast-site-content-layout":"full-width-container","site-content-style":"default","site-sidebar-style":"default","ast-global-header-display":"","ast-banner-title-visibility":"","ast-main-header-display":"","ast-hfb-above-header-display":"","ast-hfb-below-header-display":"","ast-hfb-mobile-header-display":"","site-post-title":"disabled","ast-breadcrumbs-content":"","ast-featured-img":"disabled","footer-sml-layout":"","ast-disable-related-posts":"","theme-transparent-header-meta":"","adv-header-id-meta":"","stick-header-meta":"","header-above-stick-meta":"","header-main-stick-meta":"","header-below-stick-meta":"","astra-migrate-meta-layouts":"default","ast-page-background-enabled":"default","ast-page-background-meta":{"desktop":{"background-color":"var(--ast-global-color-5)","background-image":"","background-repeat":"repeat","background-position":"center center","background-size":"auto","background-attachment":"scroll","background-type":"","background-media":"","overlay-type":"","overlay-color":"","overlay-opacity":"","overlay-gradient":""},"tablet":{"background-color":"","background-image":"","background-repeat":"repeat","background-position":"center center","background-size":"auto","background-attachment":"scroll","background-type":"","background-media":"","overlay-type":"","overlay-color":"","overlay-opacity":"","overlay-gradient":""},"mobile":{"background-color":"","background-image":"","background-repeat":"repeat","background-position":"center center","background-size":"auto","background-attachment":"scroll","background-type":"","background-media":"","overlay-type":"","overlay-color":"","overlay-opacity":"","overlay-gradient":""}},"ast-content-background-meta":{"desktop":{"background-color":"var(--ast-global-color-4)","background-image":"","background-repeat":"repeat","background-position":"center center","background-size":"auto","background-attachment":"scroll","background-type":"","background-media":"","overlay-type":"","overlay-color":"","overlay-opacity":"","overlay-gradient":""},"tablet":{"background-color":"var(--ast-global-color-4)","background-image":"","background-repeat":"repeat","background-position":"center center","background-size":"auto","background-attachment":"scroll","background-type":"","background-media":"","overlay-type":"","overlay-color":"","overlay-opacity":"","overlay-gradient":""},"mobile":{"background-color":"var(--ast-global-color-4)","background-image":"","background-repeat":"repeat","background-position":"center center","background-size":"auto","background-attachment":"scroll","background-type":"","background-media":"","overlay-type":"","overlay-color":"","overlay-opacity":"","overlay-gradient":""}},"footnotes":""},"class_list":["post-1392","page","type-page","status-publish","hentry"],"yoast_head":"<!-- This site is optimized with the Yoast SEO plugin v26.8 - https:\/\/yoast.com\/product\/yoast-seo-wordpress\/ -->\n<title>GIFT CARD - Initial Detailing<\/title>\n<meta name=\"robots\" content=\"index, follow, max-snippet:-1, max-image-preview:large, max-video-preview:-1\" \/>\n<link rel=\"canonical\" href=\"https:\/\/initialdetailing33.fr\/index.php\/gift-card\/\" \/>\n<meta property=\"og:locale\" content=\"fr_FR\" \/>\n<meta property=\"og:type\" content=\"article\" \/>\n<meta property=\"og:title\" content=\"GIFT CARD - Initial Detailing\" \/>\n<meta property=\"og:description\" content=\"GIFT CARD OFFREZ UNE CARTE CADEAU \u00c0 VOS PROCHES Vous souhaitez faire plaisir \u00e0 un passionn\u00e9 d&rsquo;automobile ou offrir un cadeau original ? Tout d\u2019abord, d\u00e9couvrez notre concept de carte cadeau exclusive. Contrairement aux bons d&rsquo;achat classiques, nous vous proposons une exp\u00e9rience haut de gamme. En effet, vous offrez bien plus qu&rsquo;un simple nettoyage : [&hellip;]\" \/>\n<meta property=\"og:url\" content=\"https:\/\/initialdetailing33.fr\/index.php\/gift-card\/\" \/>\n<meta property=\"og:site_name\" content=\"Initial Detailing\" \/>\n<meta property=\"article:modified_time\" content=\"2026-01-26T19:01:47+00:00\" \/>\n<meta property=\"og:image\" content=\"https:\/\/initialdetailing33.fr\/wp-content\/uploads\/2025\/12\/GIFTCARD-INITIALD.png\" \/>\n\t<meta property=\"og:image:width\" content=\"2481\" \/>\n\t<meta property=\"og:image:height\" content=\"1083\" \/>\n\t<meta property=\"og:image:type\" content=\"image\/png\" \/>\n<meta name=\"twitter:card\" content=\"summary_large_image\" \/>\n<meta name=\"twitter:label1\" content=\"Dur\u00e9e de lecture estim\u00e9e\" \/>\n\t<meta name=\"twitter:data1\" content=\"1 minute\" \/>\n<script type=\"application\/ld+json\" class=\"yoast-schema-graph\">{\"@context\":\"https:\/\/schema.org\",\"@graph\":[{\"@type\":\"WebPage\",\"@id\":\"https:\/\/initialdetailing33.fr\/index.php\/gift-card\/\",\"url\":\"https:\/\/initialdetailing33.fr\/index.php\/gift-card\/\",\"name\":\"GIFT CARD - Initial Detailing\",\"isPartOf\":{\"@id\":\"https:\/\/initialdetailing33.fr\/#website\"},\"primaryImageOfPage\":{\"@id\":\"https:\/\/initialdetailing33.fr\/index.php\/gift-card\/#primaryimage\"},\"image\":{\"@id\":\"https:\/\/initialdetailing33.fr\/index.php\/gift-card\/#primaryimage\"},\"thumbnailUrl\":\"http:\/\/initialdetailing33.fr\/wp-content\/uploads\/2025\/12\/GIFTCARD-INITIALD-1024x447.png\",\"datePublished\":\"2025-12-19T12:44:57+00:00\",\"dateModified\":\"2026-01-26T19:01:47+00:00\",\"breadcrumb\":{\"@id\":\"https:\/\/initialdetailing33.fr\/index.php\/gift-card\/#breadcrumb\"},\"inLanguage\":\"fr-FR\",\"potentialAction\":[{\"@type\":\"ReadAction\",\"target\":[\"https:\/\/initialdetailing33.fr\/index.php\/gift-card\/\"]}]},{\"@type\":\"ImageObject\",\"inLanguage\":\"fr-FR\",\"@id\":\"https:\/\/initialdetailing33.fr\/index.php\/gift-card\/#primaryimage\",\"url\":\"https:\/\/initialdetailing33.fr\/wp-content\/uploads\/2025\/12\/GIFTCARD-INITIALD.png\",\"contentUrl\":\"https:\/\/initialdetailing33.fr\/wp-content\/uploads\/2025\/12\/GIFTCARD-INITIALD.png\",\"width\":2481,\"height\":1083,\"caption\":\"Carte cadeau nettoyage automobile\"},{\"@type\":\"BreadcrumbList\",\"@id\":\"https:\/\/initialdetailing33.fr\/index.php\/gift-card\/#breadcrumb\",\"itemListElement\":[{\"@type\":\"ListItem\",\"position\":1,\"name\":\"Accueil\",\"item\":\"https:\/\/initialdetailing33.fr\/\"},{\"@type\":\"ListItem\",\"position\":2,\"name\":\"GIFT CARD\"}]},{\"@type\":\"WebSite\",\"@id\":\"https:\/\/initialdetailing33.fr\/#website\",\"url\":\"https:\/\/initialdetailing33.fr\/\",\"name\":\"Initial Detailing\",\"description\":\"\",\"publisher\":{\"@id\":\"https:\/\/initialdetailing33.fr\/#organization\"},\"potentialAction\":[{\"@type\":\"SearchAction\",\"target\":{\"@type\":\"EntryPoint\",\"urlTemplate\":\"https:\/\/initialdetailing33.fr\/?s={search_term_string}\"},\"query-input\":{\"@type\":\"PropertyValueSpecification\",\"valueRequired\":true,\"valueName\":\"search_term_string\"}}],\"inLanguage\":\"fr-FR\"},{\"@type\":\"Organization\",\"@id\":\"https:\/\/initialdetailing33.fr\/#organization\",\"name\":\"Initial Detailing\",\"url\":\"https:\/\/initialdetailing33.fr\/\",\"logo\":{\"@type\":\"ImageObject\",\"inLanguage\":\"fr-FR\",\"@id\":\"https:\/\/initialdetailing33.fr\/#\/schema\/logo\/image\/\",\"url\":\"https:\/\/initialdetailing33.fr\/wp-content\/uploads\/2025\/07\/cropped-cropped-LOGO_3-scaled-1.png\",\"contentUrl\":\"https:\/\/initialdetailing33.fr\/wp-content\/uploads\/2025\/07\/cropped-cropped-LOGO_3-scaled-1.png\",\"width\":512,\"height\":512,\"caption\":\"Initial Detailing\"},\"image\":{\"@id\":\"https:\/\/initialdetailing33.fr\/#\/schema\/logo\/image\/\"}}]}<\/script>\n<!-- \/ Yoast SEO plugin. -->","yoast_head_json":{"title":"GIFT CARD - Initial Detailing","robots":{"index":"index","follow":"follow","max-snippet":"max-snippet:-1","max-image-preview":"max-image-preview:large","max-video-preview":"max-video-preview:-1"},"canonical":"https:\/\/initialdetailing33.fr\/index.php\/gift-card\/","og_locale":"fr_FR","og_type":"article","og_title":"GIFT CARD - Initial Detailing","og_description":"GIFT CARD OFFREZ UNE CARTE CADEAU \u00c0 VOS PROCHES Vous souhaitez faire plaisir \u00e0 un passionn\u00e9 d&rsquo;automobile ou offrir un cadeau original ? Tout d\u2019abord, d\u00e9couvrez notre concept de carte cadeau exclusive. Contrairement aux bons d&rsquo;achat classiques, nous vous proposons une exp\u00e9rience haut de gamme. En effet, vous offrez bien plus qu&rsquo;un simple nettoyage : [&hellip;]","og_url":"https:\/\/initialdetailing33.fr\/index.php\/gift-card\/","og_site_name":"Initial Detailing","article_modified_time":"2026-01-26T19:01:47+00:00","og_image":[{"width":2481,"height":1083,"url":"https:\/\/initialdetailing33.fr\/wp-content\/uploads\/2025\/12\/GIFTCARD-INITIALD.png","type":"image\/png"}],"twitter_card":"summary_large_image","twitter_misc":{"Dur\u00e9e de lecture estim\u00e9e":"1 minute"},"schema":{"@context":"https:\/\/schema.org","@graph":[{"@type":"WebPage","@id":"https:\/\/initialdetailing33.fr\/index.php\/gift-card\/","url":"https:\/\/initialdetailing33.fr\/index.php\/gift-card\/","name":"GIFT CARD - Initial Detailing","isPartOf":{"@id":"https:\/\/initialdetailing33.fr\/#website"},"primaryImageOfPage":{"@id":"https:\/\/initialdetailing33.fr\/index.php\/gift-card\/#primaryimage"},"image":{"@id":"https:\/\/initialdetailing33.fr\/index.php\/gift-card\/#primaryimage"},"thumbnailUrl":"http:\/\/initialdetailing33.fr\/wp-content\/uploads\/2025\/12\/GIFTCARD-INITIALD-1024x447.png","datePublished":"2025-12-19T12:44:57+00:00","dateModified":"2026-01-26T19:01:47+00:00","breadcrumb":{"@id":"https:\/\/initialdetailing33.fr\/index.php\/gift-card\/#breadcrumb"},"inLanguage":"fr-FR","potentialAction":[{"@type":"ReadAction","target":["https:\/\/initialdetailing33.fr\/index.php\/gift-card\/"]}]},{"@type":"ImageObject","inLanguage":"fr-FR","@id":"https:\/\/initialdetailing33.fr\/index.php\/gift-card\/#primaryimage","url":"https:\/\/initialdetailing33.fr\/wp-content\/uploads\/2025\/12\/GIFTCARD-INITIALD.png","contentUrl":"https:\/\/initialdetailing33.fr\/wp-content\/uploads\/2025\/12\/GIFTCARD-INITIALD.png","width":2481,"height":1083,"caption":"Carte cadeau nettoyage automobile"},{"@type":"BreadcrumbList","@id":"https:\/\/initialdetailing33.fr\/index.php\/gift-card\/#breadcrumb","itemListElement":[{"@type":"ListItem","position":1,"name":"Accueil","item":"https:\/\/initialdetailing33.fr\/"},{"@type":"ListItem","position":2,"name":"GIFT CARD"}]},{"@type":"WebSite","@id":"https:\/\/initialdetailing33.fr\/#website","url":"https:\/\/initialdetailing33.fr\/","name":"Initial Detailing","description":"","publisher":{"@id":"https:\/\/initialdetailing33.fr\/#organization"},"potentialAction":[{"@type":"SearchAction","target":{"@type":"EntryPoint","urlTemplate":"https:\/\/initialdetailing33.fr\/?s={search_term_string}"},"query-input":{"@type":"PropertyValueSpecification","valueRequired":true,"valueName":"search_term_string"}}],"inLanguage":"fr-FR"},{"@type":"Organization","@id":"https:\/\/initialdetailing33.fr\/#organization","name":"Initial Detailing","url":"https:\/\/initialdetailing33.fr\/","logo":{"@type":"ImageObject","inLanguage":"fr-FR","@id":"https:\/\/initialdetailing33.fr\/#\/schema\/logo\/image\/","url":"https:\/\/initialdetailing33.fr\/wp-content\/uploads\/2025\/07\/cropped-cropped-LOGO_3-scaled-1.png","contentUrl":"https:\/\/initialdetailing33.fr\/wp-content\/uploads\/2025\/07\/cropped-cropped-LOGO_3-scaled-1.png","width":512,"height":512,"caption":"Initial Detailing"},"image":{"@id":"https:\/\/initialdetailing33.fr\/#\/schema\/logo\/image\/"}}]}},"rttpg_featured_image_url":null,"rttpg_author":{"display_name":"Anthony","author_link":"https:\/\/initialdetailing33.fr\/index.php\/author\/anthony\/"},"rttpg_comment":0,"rttpg_category":null,"rttpg_excerpt":"GIFT CARD OFFREZ UNE CARTE CADEAU \u00c0 VOS PROCHES Vous souhaitez faire plaisir \u00e0 un passionn\u00e9 d&rsquo;automobile ou offrir un cadeau original ? Tout d\u2019abord, d\u00e9couvrez notre concept de carte cadeau exclusive. Contrairement aux bons d&rsquo;achat classiques, nous vous proposons une exp\u00e9rience haut de gamme. En effet, vous offrez bien plus qu&rsquo;un simple nettoyage :\u2026","_links":{"self":[{"href":"https:\/\/initialdetailing33.fr\/index.php\/wp-json\/wp\/v2\/pages\/1392","targetHints":{"allow":["GET"]}}],"collection":[{"href":"https:\/\/initialdetailing33.fr\/index.php\/wp-json\/wp\/v2\/pages"}],"about":[{"href":"https:\/\/initialdetailing33.fr\/index.php\/wp-json\/wp\/v2\/types\/page"}],"author":[{"embeddable":true,"href":"https:\/\/initialdetailing33.fr\/index.php\/wp-json\/wp\/v2\/users\/3"}],"replies":[{"embeddable":true,"href":"https:\/\/initialdetailing33.fr\/index.php\/wp-json\/wp\/v2\/comments?post=1392"}],"version-history":[{"count":28,"href":"https:\/\/initialdetailing33.fr\/index.php\/wp-json\/wp\/v2\/pages\/1392\/revisions"}],"predecessor-version":[{"id":1932,"href":"https:\/\/initialdetailing33.fr\/index.php\/wp-json\/wp\/v2\/pages\/1392\/revisions\/1932"}],"wp:attachment":[{"href":"https:\/\/initialdetailing33.fr\/index.php\/wp-json\/wp\/v2\/media?parent=1392"}],"curies":[{"name":"wp","href":"https:\/\/api.w.org\/{rel}","templated":true}]}}